{"id":882,"date":"2024-01-19T12:15:12","date_gmt":"2024-01-19T11:15:12","guid":{"rendered":"https:\/\/meli-access.com\/?page_id=882"},"modified":"2024-01-19T12:15:12","modified_gmt":"2024-01-19T11:15:12","slug":"delai-livraison","status":"publish","type":"page","link":"https:\/\/meli-access.com\/index.php\/delai-livraison\/","title":{"rendered":"D\u00e9lai &amp; Livraison"},"content":{"rendered":"<style>.kb-row-layout-id882_513dc1-6c > .kt-row-column-wrap{align-content:start;}:where(.kb-row-layout-id882_513dc1-6c > .kt-row-column-wrap) > .wp-block-kadence-column{justify-content:start;}.kb-row-layout-id882_513dc1-6c > .kt-row-column-wrap{column-gap:var(--global-kb-gap-md, 2rem);row-gap:var(--global-kb-gap-md, 2rem);padding-top:var(--global-kb-spacing-sm, 1.5rem);padding-bottom:var(--global-kb-spacing-sm, 1.5rem);grid-template-columns:minmax(0, 1fr);}.kb-row-layout-id882_513dc1-6c > .kt-row-layout-overlay{opacity:0.30;}@media all and (max-width: 1024px){.kb-row-layout-id882_513dc1-6c > .kt-row-column-wrap{grid-template-columns:minmax(0, 1fr);}}@media all and (max-width: 767px){.kb-row-layout-id882_513dc1-6c > .kt-row-column-wrap{grid-template-columns:minmax(0, 1fr);}}<\/style><div class=\"kb-row-layout-wrap kb-row-layout-id882_513dc1-6c alignnone wp-block-kadence-rowlayout\"><div class=\"kt-row-column-wrap kt-has-1-columns kt-row-layout-equal kt-tab-layout-inherit kt-mobile-layout-row kt-row-valign-top\">\n<style>.kadence-column882_5955ae-ee > .kt-inside-inner-col,.kadence-column882_5955ae-ee > .kt-inside-inner-col:before{border-top-left-radius:0px;border-top-right-radius:0px;border-bottom-right-radius:0px;border-bottom-left-radius:0px;}.kadence-column882_5955ae-ee > .kt-inside-inner-col{column-gap:var(--global-kb-gap-sm, 1rem);}.kadence-column882_5955ae-ee > .kt-inside-inner-col{flex-direction:column;}.kadence-column882_5955ae-ee > .kt-inside-inner-col > .aligncenter{width:100%;}.kadence-column882_5955ae-ee > .kt-inside-inner-col:before{opacity:0.3;}.kadence-column882_5955ae-ee{position:relative;}@media all and (max-width: 1024px){.kadence-column882_5955ae-ee > .kt-inside-inner-col{flex-direction:column;justify-content:center;}}@media all and (max-width: 767px){.kadence-column882_5955ae-ee > .kt-inside-inner-col{flex-direction:column;justify-content:center;}}<\/style>\n<div class=\"wp-block-kadence-column kadence-column882_5955ae-ee\"><div class=\"kt-inside-inner-col\">\n<h2 class=\"wp-block-heading has-text-align-center\">D\u00e9lai &amp; Livraison<\/h2>\n<\/div><\/div>\n\n<\/div><\/div>\n\n\n<p><strong>Livraison<\/strong><br>MELIACCESS fera son possible pour que la commande soit exp\u00e9di\u00e9e dans un d\u00e9lai moyen de 1 \u00e0 7 jours<br>ouvrable \u00e0 compter du jour suivant celui de la validation par le client de sa commande. Les produits sont<br>livr\u00e9s \u00e0 l\u2019adresse indiqu\u00e9e par le client. Ces d\u00e9lais peuvent \u00eatre contrari\u00e9s par diverse raison (grev\u00e9, probl\u00e8me d\u2019exportation, modification douani\u00e8re et autres probl\u00e8mes ext\u00e9rieurs dont nous ne pouvons \u00eatre tenus responsable, ou d\u2019autre probl\u00e8mes technique ind\u00e9pendants de notre volont\u00e9. Dans le cas d\u2019une rupture de stock.<\/p>\n","protected":false},"excerpt":{"rendered":"<p>D\u00e9lai &amp; Livraison LivraisonMELIACCESS fera son possible pour que la commande soit exp\u00e9di\u00e9e dans un d\u00e9lai moyen de 1 \u00e0 7 joursouvrable \u00e0 compter du jour suivant celui de la validation par le client de sa commande. Les produits sontlivr\u00e9s \u00e0 l\u2019adresse indiqu\u00e9e par le client. Ces d\u00e9lais peuvent \u00eatre contrari\u00e9s par diverse raison (grev\u00e9,&#8230;<\/p>\n","protected":false},"author":1,"featured_media":0,"parent":0,"menu_order":0,"comment_status":"closed","ping_status":"closed","template":"","meta":{"_monsterinsights_skip_tracking":false,"_monsterinsights_sitenote_active":false,"_monsterinsights_sitenote_note":"","_monsterinsights_sitenote_category":0,"_kadence_starter_templates_imported_post":false,"_kad_post_transparent":"","_kad_post_title":"","_kad_post_layout":"","_kad_post_sidebar_id":"","_kad_post_content_style":"","_kad_post_vertical_padding":"","_kad_post_feature":"","_kad_post_feature_position":"","_kad_post_header":false,"_kad_post_footer":false,"footnotes":""},"class_list":["post-882","page","type-page","status-publish","hentry"],"_links":{"self":[{"href":"https:\/\/meli-access.com\/index.php\/wp-json\/wp\/v2\/pages\/882","targetHints":{"allow":["GET"]}}],"collection":[{"href":"https:\/\/meli-access.com\/index.php\/wp-json\/wp\/v2\/pages"}],"about":[{"href":"https:\/\/meli-access.com\/index.php\/wp-json\/wp\/v2\/types\/page"}],"author":[{"embeddable":true,"href":"https:\/\/meli-access.com\/index.php\/wp-json\/wp\/v2\/users\/1"}],"replies":[{"embeddable":true,"href":"https:\/\/meli-access.com\/index.php\/wp-json\/wp\/v2\/comments?post=882"}],"version-history":[{"count":1,"href":"https:\/\/meli-access.com\/index.php\/wp-json\/wp\/v2\/pages\/882\/revisions"}],"predecessor-version":[{"id":883,"href":"https:\/\/meli-access.com\/index.php\/wp-json\/wp\/v2\/pages\/882\/revisions\/883"}],"wp:attachment":[{"href":"https:\/\/meli-access.com\/index.php\/wp-json\/wp\/v2\/media?parent=882"}],"curies":[{"name":"wp","href":"https:\/\/api.w.org\/{rel}","templated":true}]}}